nds digit of m?
4
Suppose 0*a - 5*g - 409 = 2*a, -3*a - g = 620. Let d = 1474 - 971. Let v = d + a. What is the tens digit of v?
9
Suppose -14 - 36 = -4*v + 2*r, -5*r - 15 = 0. Suppose 0 = -v*x + 466 + 623. Suppose -n = -x - 44. What is the hundreds digit of n?
1
Suppose -o = 2*h + 26, 0*h = 2*o - 3*h + 38. Let f be ((-2)/4)/((-7)/70). What is the hundreds digit of o*f/(30/(-33))?
1
Let q(r) = r + 5. Let p be q(-2). Suppose p*h + 2*h = -0*h. Suppose 5*a - 23 - 7 = h. What is the units digit of a?
6
Suppose -30*h = -15*h - 150. Suppose 5*u = p + 4*p - 5100, 0 = -2*u - h. What is the hundreds digit of p?
0
Suppose 3245 = -72*k + 17*k. Let d be 1*(156 + -1 + 0). Let i = k + d. What is the tens digit of i?
9
Suppose -31*g - 35*g = -84*g + 858600. What is the ten thousands digit of g?
4
Let d(p) = 2*p**3 - 27*p**2 - 46*p - 6. Let i be d(14). Let m = i + 600. What is the units digit of m?
6
Let h be 34/9 - 226/(-1017). Suppose 3*x - 15 = -2*x - 3*w, 3*x = -2*w + 9. Suppose 5*q + 6 = x*q, -h*t + 455 = -5*q. What is the hundreds digit of t?
1
Suppose 2*j + 3*j - 420 = 0. Let w = -40 + j. Suppose -b - w = -5*b. What is the units digit of b?
1
Let r(g) = -13*g**3 - 5*g**2 - 5*g - 1. Let p(h) = -3*h + 23. Let j be p(7). Suppose 0 = 12*l - 13*l - j. What is the tens digit of r(l)?
9
Suppose -3 = -3*w + 6. Suppose -s - 28 = w*s. What is the tens digit of 6734/49 + 3/s?
3
Suppose l = -48*t + 49*t + 9, 5*l + 2*t - 17 = 0. Suppose 0 = 5*u - l*k - 175, 5*u - 9*u + 148 = -2*k. What is the tens digit of u?
3
Let k = 14708 + -9648. What is the tens digit of k?
6
What is the ten thousands digit of (6 + 1)/(88/907984)?
7
Suppose -63*s - 9170 = -2*m - 59*s, 9170 = 2*m + s. What is the units digit of m?
5
Suppose -2501 = -11*m + 30550 + 21146. What is the hundreds digit of m?
9
Suppose -p + 270 = 2*w, -4*p - 564 = -2*w - 2*w. Let n = w + -81. What is the units digit of n + (-2 - 3) + 1?
2
Let i(k) = k**2 - 2*k - 15. Let t be i(6). Suppose -n - t*n + 1350 = 0. Suppose 17*j = 12*j + n. What is the units digit of j?
7
Let z(y) be the third derivative of 2*y**5/5 - y**4/8 - y**3/6 - y**2. Suppose 19*n + 79*n = 294. What is the units digit of z(n)?
6
Suppose 3*x + c = 7, -c = -2*x + 5 + 3. Suppose n - 101 = x*t, 3*t + 31 = -2*n - 64. Let a = t + 47. What is the tens digit of a?
1
Let w(y) = 2*y**2 + 19*y + 13. Let h be w(-9). Let d be ((-2)/h)/(4/8 - 1). What is the tens digit of d + -2 + (5 - 3) + 13?
1
Suppose -301 = 7*v + 245. What is the tens digit of (-6)/(-4)*(-520)/v?
1
What is the tens digit of (18 - -8)/((-70)/(-28217)) + (-3)/5?
8
Let p = -3016 - -6109. What is the thousands digit of p?
3
Suppose -25582 = 4*p - 6*p + i, -4*i - 63952 = -5*p. What is the hundreds digit of p?
7
What is the units digit of (704/48 - 15)*-58449?
3
Let p = -20 + 6. Let h(s) = -11*s - 37*s**2 + 38*s**2 + 14 + 25*s. What is the units digit of h(p)?
4
Suppose 4*i - 35167 = 208*w - 211*w, 0 = i + 3*w - 8785. What is the units digit of i?
4
Suppose -31*s + 4 = 748. Let v be 4 + 3/(-1) + 198. Let d = s + v. What is the hundreds digit of d?
1
Let s = -4227 + 2945. Let h = s - -1827. Suppose h = 5*b + 5*p, -5*b + 429 = -4*p - 89. What is the hundreds digit of b?
1
Let b(k) = 593*k**2 + 7*k - 45. What is the units digit of b(5)?
5
Let n be -1*58*2/(-8)*-10. Let l = 466 + n. What is the tens digit of l?
2
Suppose 5*g - 795 = 2*a, 0 = -3*g + a + 4*a + 477. Suppose -g - 246 = -5*z. Let y = z + 90. What is the hundreds digit of y?
1
Let f(q) = 27*q**2 + 40*q - 70. What is the units digit of f(-19)?
7
Let u be 3*(-4)/(-6) + 1. Let a(h) = 29*h - 84. What is the units digit of a(u)?
3
Let o(w) = -6*w - 40. Let c be o(-7). Let v(l) = -5*l**2 - l - 1. Let k be v(-1). What is the units digit of (-1 + c)*(k + 115)?
0
Suppose -2*r - 164 = 2*x, 2*x - 8 + 176 = -r. Let a = -39 - x. Let m = a + 15. What is the units digit of m?
2
Let a = 30 + -28. Let r(f) = 4*f**3 + 17 - f**a - 10*f - f**2 - 7*f**2 - 5*f**3. What is the units digit of r(-9)?
7
Let p = 29 + -33. Let g be (p - -8)/4 + 1. Suppose -91 = -g*x + 57. What is the tens digit of x?
7
Let g = -312 - -315. Suppose -7*l - 19 = -w - g*l, 0 = -4*w - 5*l + 13. What is the units digit of w?
7
What is the tens digit of (3249/(-456))/(15/(-23440))?
3
Let z = 22232 - -1749. What is the thousands digit of z?
3
Suppose 90 = -2*p + 118. Suppose -3*o - d + 325 + p = 0, 5*o = 3*d + 565. What is the hundreds digit of o?
1
Let r(q) = 6*q**2 - 4*q**3 + 5*q - 6 + 10 + 5*q**3. Let v be r(-2). What is the units digit of -1*((-36)/(-60) - 276/v)?
7
Suppose -2*d + 4 = 2*d, 2*d = 3*j - 382. Suppose 3*p = 2*i - j, -2*p + 5*i - 140 = p. What is the tens digit of (17*2)/(p/15 + 3)?
0
Let w(y) = y - 15. Let j be w(20). Suppose 0 = j*n - 0*n - z - 2034, 0 = 4*n - z - 1627. What is the tens digit of n?
0
Let l be (10/(-6))/((-6)/18). Suppose -96 = -d + l*q, -d - 9*q = -13*q - 99. What is the hundreds digit of d?
1
Let w(s) = -8*s**2 + 49*s - 3. Let o be w(6). Suppose -q - 2*q + 287 = l, 1399 = 5*l - o*q. What is the units digit of l?
1
Let d be (-14)/(-119) - (-4900)/(-34). What is the units digit of -4*6/d + (-35)/(-6)?
6
Suppose 4*k = -5*q + 2, -2 + 16 = 3*q - 4*k. Suppose 3*u + q*l = 151 + 450, 3*l + 576 = 3*u. What is the hundreds digit of u?
1
Suppose -55*p - 199550 + 1329315 = -786435. What is the hundreds digit of p?
8
Let w(b) = 509*b + 1220. What is the tens digit of w(8)?
9
Let o = 75 + 58. Let l be (38/o)/(((-4)/2)/(-14)). Suppose l*c - 15*c + 754 = 0. What is the tens digit of c?
5
Let t = 158 - 153. Let n(z) = 75*z**2 + 16*z - 21. What is the units digit of n(t)?
4
Let v(f) = -f**3 - 2*f**2 + 2*f. Let u be v(-3). Let b = 2719 + -2638. Suppose -u*h = -b - 39. What is the units digit of h?
0
Suppose -4*v - 3 + 19 = 0. Suppose -v*a = -3 - 205. Suppose a = -5*f + 97. What is the units digit of f?
9
Let q(w) = -11*w**3 - 4*w**2 - 3*w - 4. Let v be q(-2). Suppose -255 = -2*g - b, -4*b + v = 3*g - 316. What is the hundreds digit of g?
1
What is the tens digit of ((-2975280)/(-11))/14 + 14?
3
Suppose -2194 = 4*y + 3*r, 2*r = 5*y - 3*y + 1090. Let m = 700 + y. What is the units digit of m?
3
Suppose -6*o - 1 = -13. Suppose 5*k + 5*x - 15 = 0, -x - 26 = -2*k + o*x. Suppose -g = -71 + k. What is the units digit of g?
4
What is the units digit of 72*(125/2 + 14)?
8
Let g(n) = 4*n**2 + 21*n - 1. Let v be (12/(-8) - -1)*-14. Let x(j) = j - 14. Let d be x(v). What is the units digit of g(d)?
8
Suppose -4*j + 2*j + 24 = -4*v, 3*j - 4*v = 38. Suppose 323 - 16801 = -j*h. What is the tens digit of h?
7
Suppose 3*t - 28964 = o, 29*t - 28*t = 2*o + 9663. What is the hundreds digit of t?
6
Let b be -6 + 15 - -9 - 6. Suppose 4*s = -4*j + 6080, -4595 = -b*s + 9*s + 4*j. What is the units digit of s?
5
Suppose -4*o + 4*a = -25580, -4*o + 2661 = 2*a - 22955. What is the hundreds digit of o?
4
Suppose 20*g = 6 + 74. Suppose 4*f + 5*j = -25, 2*f + j = g*j + 15. Suppose -4*o - 3*y = -2*y - 859, f = -5*o + 4*y + 1100. What is the units digit of o?
6
Let h be 9/(-6) - (-148)/(-8). Let f be (-3)/4 + ((-147785)/h)/11. Suppose 2*k + 2*x = 254, -2*k = 3*k - 4*x - f. What is the hundreds digit of k?
1
Suppose 1549 = -5*w + 4*b, -1233 = -0*w + 4*w + 3*b. Let x = 471 + w. What is the units digit of (2 + (-12)/9)/(1/x)?
8
Let f be ((-1592)/16)/(5/(-10)). Suppose 0 = 17*p - 447 - f. What is the tens digit of p?
3
Let s be -3*6/(-81) - (-755)/45. Let k = s + -59. Let b = -3 - k. What is the tens digit of b?
3
What is the thousands digit of (16 + -5 - 15)*(-186700)/16?
6
Let s = 9914 + 181. What is the units digit of s?
5
Let b be (4 + -7)/(1 - (-28)/(-16)). Suppose -1649 = -b*x - 5*m + 8*m, -2*x = 2*m - 814. What is the units digit of x?
0
Let o(i) = 2199*i**2 + 218*i + 640. What is the ten thousands digit of o(-3)?
1
Suppose 2*h = -3*r - 99, 2*r + 5*h = -2*r - 125. Let m = 31 + r. What is the tens digit of m + (82*-4)/(-2)?
6
Let k = -868 - -1525. Suppose -442 = -2*c + 3*b + 817, -4*b + k = c. What is the tens digit of c?
3
Suppose -37*w + 8185 = -32*w - 5*z, 3*w - 4904 = -4*z. Let r = w - 1102. What is the units digit of r?
4
Suppose 0 = 99*p - 98*p + 6. What is the tens digit of 15930/36*(-8)/p?
9
Suppose -219*k + 218*k = -4. Suppose -k*x - 124 - 625 = -5*q, 3*x + 447 = 3*q. What is the units digit o